 prime factors of y.
2, 3, 61
Let a(r) = -r**2 - 188*r - 1630. What are the prime factors of a(-112)?
2, 3, 31, 37
Let f be 6 + 120/(-21) - (-2048)/(-14). Let r = f - -267. What are the prime factors of r?
11
Let c = 4418 + -2439. What are the prime factors of c?
1979
Let q = -32 - -37. Let s be (24/6 - q)*1/(-1). What are the prime factors of 2968/20 + s/(-10)*-6?
149
Let m = -31 - -76. What are the prime factors of 0 + -3 + m/9 - -429?
431
Let p = -24120 - -37623. What are the prime factors of p?
3, 7, 643
Let y(o) = 18*o**2 - 25*o + 70. Let z be y(3). Let q = 457 - z. What are the prime factors of q?
2, 3, 5
Suppose -5*j + 3*h - 36 = 0, j + 2*h + 0*h = -2. List the prime factors of (-3)/j*(938 - 12).
463
Let m(c) = 2*c + 3. Let q be m(0). Let l(b) be the second derivative of b**5/20 + 7*b**3/6 - 2*b**2 - 17*b - 2. What are the prime factors of l(q)?
2, 11
Let h = -16896 + 58902. List the prime factors of h.
2, 3, 7001
Let b(z) = -1917*z - 6527. What are the prime factors of b(-31)?
2, 5, 23
Let b be 37 - (-7 - (3 + -10)). Suppose b*d = 38*d - 882. What are the prime factors of d?
2, 3, 7
Let c(s) = 7*s**2 + 7*s - 16. Let m = 680 + -691. What are the prime factors of c(m)?
2, 13, 29
Let m(l) = -l**3 - 8*l**2 + 4*l - 30. Let i be m(-9). Suppose -i*b - 397 + 19882 = 0. What are the prime factors of b?
3, 433
Let d(l) = -102*l + 587. List the prime factors of d(-48).
5483
Let u(w) = 7*w + 33. Let z be u(-5). Let l be z/((6/27)/((-1)/(-3))). List the prime factors of 174 + (l + 3)/(-1).
2, 3, 29
Let n = -159 - -135. List the prime factors of (-1251)/(-4) - 6/n - 2.
311
Suppose -3*t = 2*d - 4*t - 6417, 0 = -5*d + 2*t + 16043. What are the prime factors of d?
3209
List the prime factors of (-66984)/(-42)*(-21)/(-6)*1.
2, 2791
Let r(a) = a**3 - 16*a**2 + 14*a + 91. List the prime factors of r(27).
2, 1061
List the prime factors of 199632/26 + 856/(-5564).
2, 11, 349
Suppose 0*p - p = 3*x - 17, -4*p = -5*x. Let g(l) be the first derivative of 2*l**3 + 2*l**2 - l + 177. List the prime factors of g(x).
3, 37
List the prime factors of (5 - -595)*(3144/32 - -5).
2, 3, 5, 7, 59
Suppose 0 = -130*l + 926448 + 91582. List the prime factors of l.
41, 191
Suppose 22*b - 27*b = -3*j - 422726, -2*b - 2*j = -169116. What are the prime factors of b?
2, 5, 19, 89
Suppose -4*b + 520 = -0*b. Suppose -28*s - b = -30*s. Let m = s + 65. List the prime factors of m.
2, 5, 13
Let r = -36 + -349. Let f = -313 - r. What are the prime factors of f?
2, 3
Let j(o) = -2*o + 37. Let z be j(-9). Suppose -7*q + 1882 - z = 0. What are the prime factors of q?
3, 29
What are the prime factors of (-299540)/(-34) - (-30)/2?
5, 353
Let y(q) = 3*q**2 - 14*q + 4 + 9*q + 4*q. Let r be y(2). What are the prime factors of r/21*(1 + 83)?
2, 7
Suppose 7*l = 21081 - 2279. Suppose 0 = -7*t + l - 859. Suppose h - f - 129 = -0*h, 3*f = 2*h - t. What are the prime factors of h?
2, 3, 7
Let f = 15328 + 2546. What are the prime factors of f?
2, 3, 331
Let z(n) = -9 - 8 + 6*n - n - 3*n. What are the prime factors of z(28)?
3, 13
Let b = -322 - -185. Let h(y) = 26*y**3 - y**2 - 13*y + 25. Let u be h(2). Let r = u + b. What are the prime factors of r?
2, 3, 11
Suppose 40*w + 6413 - 34253 = 0. Suppose -k + g - 3468 = -6*k, 0 = -k - g + w. List the prime factors of k.
3, 7, 11
Let j(w) = 8*w + 11. Suppose 6 = 3*f - 5*f. Let y be ((-48)/40)/(f/10). List the prime factors of j(y).
43
Suppose 25 = -5*h, -3*z + h - 67 = -315. Let g = z + 266. What are the prime factors of g?
347
Suppose 0 = -99*r + 101*r + 320. Let p = 294 + r. What are the prime factors of p?
2, 67
Let w(m) = 1617*m**2 + 27*m + 7. What are the prime factors of w(-2)?
6421
Let z(p) be the third derivative of 11*p**5/30 + 5*p**4/24 + 5*p**3/3 + 19*p**2. Let f(d) be the first derivative of z(d). List the prime factors of f(2).
3, 31
Let x = 91444 - 62250. What are the prime factors of x?
2, 11, 1327
Let l(v) = v - 13. Let i be l(18). Suppose -4*o + 2*o + 3 = 3*j, i*j = -3*o + 5. Suppose -2*k + 34 = -5*a + 2, 5*k + 2*a - 109 = o. List the prime factors of k.
3, 7
What are the prime factors of (3 + (-35)/7)/((-1)/5819)?
2, 11, 23
Suppose 73 = 2*z - w, -3*z - z + 3*w + 145 = 0. Suppose -41*u - 52*u = -14*u - 11455. Let b = u + z. List the prime factors of b.
2, 7, 13
Suppose 0 = -8*f + 16370 + 8374. What are the prime factors of f?
3, 1031
Suppose 7*k - 5*k + 2*r - 48036 = 0, 0 = -3*r - 12. What are the prime factors of k?
2, 12011
List the prime factors of (((-138)/6)/(-23))/((-1)/(-8436)).
2, 3, 19, 37
Let j(u) = 130 + 0*u + 3*u - 919*u**3 + 918*u**3 + 4*u**2 - 5*u**2. Let v = -6 + 6. What are the prime factors of j(v)?
2, 5, 13
Let u(g) = 9*g - 8 - 4 + 0 + 7. Suppose 0*p + 4 = 2*p - 4*o, 5*p - 10 = 3*o. What are the prime factors of u(p)?
13
Let q(y) = y**3 - 3*y**2 - 8*y - 30. What are the prime factors of q(19)?
2, 2797
Suppose 138459 = 47*t + 18985. List the prime factors of t.
2, 31, 41
Let g(x) = 24*x**3 - 9 + 17*x**3 - 43*x**3 + 5*x - 3 - 18*x**2. What are the prime factors of g(-10)?
2, 3, 23
Let c = 10290 - -20891. What are the prime factors of c?
31181
Let m(r) be the second derivative of 79*r**3/2 + 2*r**2 + 37*r. List the prime factors of m(5).
29, 41
Let l = -1 + 5. Suppose 222 - 368 = -73*t. Suppose -3*u + t*i = -4*u + 210, l*u - i - 858 = 0. What are the prime factors of u?
2, 107
Suppose -13*d = -8*d - 15. Suppose -3*r - 1011 = 5*l, -d*l = -0*l + 5*r + 613. Let t = 410 + l. What are the prime factors of t?
11, 19
Let n = -13806 - -20279. What are the prime factors of n?
6473
What are the prime factors of (-1)/4 - ((-7089522)/(-24))/(-11)?
2, 29, 463
Let p = 467 + 829. Suppose g - p = -5*g. What are the prime factors of g?
2, 3
Let r(x) = -2*x**3 - 6*x**2 - x + 11. Let k be r(-2). Suppose -k*p - 3108 = -3*q - 6*p, -3*q + p = -3114. List the prime factors of q.
17, 61
Suppose 3*n + 12*c - 17*c = 2734, -3*n - 3*c = -2742. List the prime factors of n.
11, 83
Suppose -6*z + 21*z = -180. List the prime factors of 1 - (3441/z - 6/(-8)).
7, 41
Let j be (-273)/(-26) - 3/2. Let z(k) = 8*k + 25. List the prime factors of z(j).
97
Suppose 71*k - 12*k + 14320 = 942862. List the prime factors of k.
2, 3, 43, 61
Let v be -1*(2 - 0) - 32. Suppose 23*k + 505 = -162. Let r = k - v. List the prime factors of r.
5
List the prime factors of (-474405)/(-9) + (-24 - -11)/(-39).
2, 11, 599
Suppose l + 5*w = 6 - 9, 3*l + 4*w - 2 = 0. What are the prime factors of (44*(-4 + 3))/((-4)/l)?
2, 11
Let l be 0 + 274 + 4 - 2. Suppose -4*u = -4*m + l, 2*m - 130 = -u + 5*u. What are the prime factors of m/((2 + 3)/5)?
73
What are the prime factors of (-7 - 86510/(-25)) + (-6)/15?
3, 1151
Let u = 61561 - 10680. What are the prime factors of u?
17, 41, 73
Let f = 329 - 129. Let k = f + 575. List the prime factors of k.
5, 31
Let x(c) = -c**2 + 376*c + 844. List the prime factors of x(184).
2, 9043
Let l = -90 + 92. Suppose -1123 = -2*g - 5*z, g + g = l*z + 1158. List the prime factors of g.
2, 7, 41
Let n(t) = 3*t - 49. Let j(g) = -g - 1. Let f(p) = -6*j(p) + n(p). Suppose 202 - 10 = 8*v. List the prime factors of f(v).
173
Suppose 2*c - 4*z - 3 = -z, -3*c + 24 = 2*z. Let o be 0/c + (-2 - -4 - 0). List the prime factors of (4 - o)/((-8)/10)*-8.
2, 5
Let t be (6 - 4) + 1 - -96. Suppose -2*w = 5*b + 236, b + 3*w + 0*w = -55. Let r = t + b. What are the prime factors of r?
53
Let s be (3/(-9))/(-1)*6. Suppose -3*j = s*b - b - 442, -3*b = 4*j - 591. Let z = 348 - j. List the prime factors of z.
3, 67
Suppose 0 = -j - 4*b + 64172, -6*j + 39472 + 345540 = 4*b. List the prime factors of j.
2, 13, 617
Let b = 158 + -155. Suppose -4*y + 216 = 3*p, 14*p + b*y - 143 = 12*p. What are the prime factors of p?
2, 19
Let n(y) = 9*y**3 - 2*y**2 + 49*y - 240. What are the prime factors of n(8)?
2, 3, 193
Suppose 9 = -3*p, 2*h = 205*p - 210*p + 40567. List the prime factors of h.
103, 197
Let z(v) = v**2 - 31*v - 80. Suppose 28*i = 30 + 1454. What are the prime factors of z(i)?
2, 3, 181
Suppose 32*d = 333183 + 378379 - 103914. What are the prime factors of d?
17, 1117
Suppose 3*n - f - 2272 = 2*n, 0 = -3*n - 3*f + 6786. Suppose -30*g + n + 2713 = 0. List the prime factors of g.
2, 83
Let x be (56/7 - 0)/(-1 - 1). Let q(b) = -12 + 3 - 2 - 23*b. What are the prime factors of q(x)